hen 776047 is divided by 10.
7
What is the remainder when 1479 is divided by 324?
183
What is the remainder when 1165 is divided by 715?
450
What is the remainder when 4215 is divided by 2049?
117
Calculate the remainder when 117963 is divided by 55.
43
Calculate the remainder when 125099 is divided by 25.
24
What is the remainder when 45945 is divided by 1482?
3
Calculate the remainder when 6894 is divided by 164.
6
Calculate the remainder when 12899 is divided by 37.
23
Calculate the remainder when 375 is divided by 187.
1
What is the remainder when 47472 is divided by 29?
28
What is the remainder when 45393 is divided by 39?
36
Calculate the remainder when 423915 is divided by 151.
58
What is the remainder when 390458 is divided by 1064?
1034
What is the remainder when 22359 is divided by 188?
175
Calculate the remainder when 63854 is divided by 15918.
182
What is the remainder when 2329617 is divided by 205?
202
What is the remainder when 30120 is divided by 53?
16
What is the remainder when 1750 is divided by 102?
16
What is the remainder when 468941 is divided by 158?
155
Calculate the remainder when 918 is divided by 276.
90
Calculate the remainder when 1007920 is divided by 116.
112
What is the remainder when 1077 is divided by 767?
310
Calculate the remainder when 96117 is divided by 32033.
18
Calculate the remainder when 4184 is divided by 82.
2
What is the remainder when 240749 is divided by 10?
9
Calculate the remainder when 791 is divided by 752.
39
Calculate the remainder when 14770 is divided by 2061.
343
What is the remainder when 79248 is divided by 2264?
8
Calculate the remainder when 44109 is divided by 137.
132
What is the remainder when 6883 is divided by 328?
323
Calculate the remainder when 162063 is divided by 862.
7
What is the remainder when 107250 is divided by 42?
24
What is the remainder when 12520 is divided by 19?
18
Calculate the remainder when 21527 is divided by 1266.
5
What is the remainder when 7514 is divided by 7463?
51
Calculate the remainder when 10888 is divided by 30.
28
What is the remainder when 57907 is divided by 116?
23
What is the remainder when 6218 is divided by 4?
2
Calculate the remainder when 2624 is divided by 2499.
125
Calculate the remainder when 439 is divided by 328.
111
What is the remainder when 16637 is divided by 5543?
8
Calculate the remainder when 50935 is divided by 27.
13
Calculate the remainder when 736437 is divided by 170.
167
What is the remainder when 97684 is divided by 184?
164
What is the remainder when 2844 is divided by 156?
36
What is the remainder when 4826 is divided by 894?
356
Calculate the remainder when 679 is divided by 359.
320
What is the remainder when 17512 is divided by 29?
25
What is the remainder when 4638 is divided by 167?
129
Calculate the remainder when 96418 is divided by 13.
10
Calculate the remainder when 40246 is divided by 156.
154
Calculate the remainder when 174798 is divided by 437.
435
Calculate the remainder when 87054 is divided by 6695.
19
What is the remainder when 68174 is divided by 222?
20
Calculate the remainder when 42193 is divided by 919.
838
Calculate the remainder when 3122 is divided by 136.
130
Calculate the remainder when 16401 is divided by 8193.
15
What is the remainder when 521 is divided by 5?
1
Calculate the remainder when 2823208 is divided by 13.
11
What is the remainder when 61057 is divided by 21?
10
What is the remainder when 4131 is divided by 410?
31
What is the remainder when 7804 is divided by 2510?
274
What is the remainder when 39651 is divided by 71?
33
What is the remainder when 669 is divided by 573?
96
Calculate the remainder when 36111 is divided by 17.
3
Calculate the remainder when 8515 is divided by 256.
67
What is the remainder when 227163 is divided by 126?
111
What is the remainder when 22607 is divided by 109?
44
What is the remainder when 5634 is divided by 103?
72
Calculate the remainder when 178795 is divided by 16.
11
Calculate the remainder when 30832 is divided by 14.
4
What is the remainder when 2271 is divided by 33?
27
What is the remainder when 20153 is divided by 916?
1
Calculate the remainder when 83237 is divided by 36.
5
Calculate the remainder when 829294 is divided by 165857.
9
What is the remainder when 312159 is divided by 156078?
3
What is the remainder when 27634 is divided by 4?
2
What is the remainder when 162957 is divided by 140?
137
Calculate the remainder when 11941 is divided by 1.
0
What is the remainder when 4788 is divided by 580?
148
Calculate the remainder when 10421 is divided by 1180.
981
What is the remainder when 21369 is divided by 29?
25
Calculate the remainder when 9904 is divided by 59.
51
Calculate the remainder when 2831 is divided by 338.
127
What is the remainder when 1155326 is divided by 18?
14
What is the remainder when 143652 is divided by 28730?
2
What is the remainder when 208077 is divided by 104031?
15
What is the remainder when 70161 is divided by 370?
231
Calculate the remainder when 36776 is divided by 74.
72
What is the remainder when 6498 is divided by 80?
18
What is the remainder when 135174 is divided by 32?
6
Calculate the remainder when 8068 is divided by 2684.
16
What is the remainder when 8676 is divided by 158?
144
Calculate the remainder when 1119 is divided by 107.
49
Calculate the remainder when 76496 is divided by 3477.
2
What is the remainder when 208156 is divided by 91?
39
Calculate the remainder when 14471 is divided by 777.
485
What is the remainder when 833 is divided by 309?
215
Calculate the remainder when 2499 is divided by 52.
3
Calculate the remainder when 338095 is divided by 980.
975
Calculate the remainder when 6623 is divided by 1324.
3
Calculate the remainder when 123133 is divided by 380.
13
Calculate the remainder when 11346 is divided by 2828.
34
What is the remainder when 741823 is divided by 75?
73
What is the remainder when 2441 is divided by 1022?
397
What is the remainder when 251032 is divided by 86?
84
What is the remainder when 112434 is divided by 308?
14
Calculate the remainder when 9205 is divided by 1997.
1217
What is the remainder when 1288 is divided by 194?
124
What is the remainder when 5238 is divided by 21?
9
What is the remainder when 20469 is divided by 9014?
2441
Calculate the remainder when 254212 is divided by 84706.
94
Calculate the remainder when 9016 is divided by 127.
126
What is the remainder when 1565 is divided by 32?
29
What is the remainder when 1708 is divided by 89?
17
Calculate the remainder when 1482833 is divided by 53.
52
What is the remainder when 1943234 is divided by 217?
216
What is the remainder when 5817 is divided by 487?
460
Calculate the remainder when 30641 is divided by 30522.
119
What is the remainder when 6368 is divided by 141?
23
What is the remainder when 692 is divided by 160?
52
What is the remainder when 45687 is divided by 4565?
37
What is the remainder when 550155 is divided by 61?
57
What is the remainder when 37810 is divided by 210?
10
Calculate the remainder when 2157 is divided by 699.
60
What is the remainder when 6988 is divided by 174?
28
Calculate the remainder when 3507 is divided by 295.
262
What is the remainder when 24809 is divided by 953?
31
Calculate the remainder when 38216 is divided by 196.
192
What is the remainder when 12814 is divided by 402?
352
Calculate the remainder when 554445 is divided by 67.
20
Calculate the remainder when 2915880 is divided by 263.
262
What is the remainder when 18222 is divided by 226?
142
What is the remainder when 526989 is divided by 171?
138
What is the remainder when 45802 is divided by 3815?
22
What is the remainder when 8576 is divided by 8534?
42
What is the remainder when 33812 is divided by 7?
2
What is the remainder when 4100 is divided by 1355?
35
What is the remainder when 46649 is divided by 933?
932
What is the remainder when 15677 is divided by 106?
95
Calculate the remainder when 2297 is divided by 568.
25
What is the remainder when 11029 is divided by 1376?
21
Calculate the remainder when 305195 is divided by 175.
170
Calculate the remainder when 2608 is divided by 444.
388
What is the remainder when 4648 is divided by 299?
163
Calculate the remainder when 4398 is divided by 1455.
33
